Suppose h + 8*h - 1170 = 0. Suppose 0 = -22*i + 17*i + h. What are the prime factors of i?
2, 13
Suppose -2*r + 6 = 0, 3*r + 2*r = -5*z + 15. Suppose 5*x - 2 - 43 = z. Let c = 32 - x. What are the prime factors of c?
23
Suppose q - 2*b = 5*q - 164, -4*b = -5*q + 231. Suppose l = q + 56. List the prime factors of l.
3, 11
Suppose 10*j = 2176 + 1394. List the prime factors of j.
3, 7, 17
Let n be (-2)/1 + 4 - 4. Let m(b) = -13*b + 5. List the prime factors of m(n).
31
Let p = 2338 - 1351. What are the prime factors of p?
3, 7, 47
Let r(t) = 40*t**2 + 12*t - 16. What are the prime factors of r(5)?
2, 3, 29
Suppose -9*n + 21 + 15 = 0. Suppose -n*p + 3*w + 451 = 0, 4*w + w + 215 = 2*p. What are the prime factors of p?
5, 23
Let c(r) = 8*r + 1. Let l be c(1). Suppose 4*j + l = 7*j. Suppose -192 = -4*b + j*o - 28, 0 = 5*b - 2*o - 212. List the prime factors of b.
2, 11
Let g(t) = 4*t**2 + 15*t + 14. Let l(u) = -5*u**2 - 16*u - 13. Let w(q) = 6*g(q) + 5*l(q). List the prime factors of w(10).
19
Suppose -37 = 4*a + 3. Let s(r) = -5*r + 9. Let g be s(a). Let l = g + -32. List the prime factors of l.
3
Let d(c) be the second derivative of c**8/6720 - c**5/60 - 5*c**4/12 + 5*c. Let q(h) be the third derivative of d(h). What are the prime factors of q(2)?
2, 3
Suppose 2*k - k - 58 = 5*q, -3*q - 5*k - 18 = 0. Let d(l) = 5 - 12*l + 8*l + 3*l - 2. List the prime factors of d(q).
2, 7
Let w = -84 + 119. Suppose 2*h = z + w - 13, 4*h - 3*z - 48 = 0. What are the prime factors of h?
3
Suppose -a - 55 = -k + 112, -2*k = 4*a - 364. What are the prime factors of k?
2, 43
Let j(w) be the first derivative of -w**4/4 + w**3/3 - w**2/2 + 39*w + 4. Let k be j(0). Let i = 61 - k. What are the prime factors of i?
2, 11
Let u(t) = -39*t - 105. List the prime factors of u(-15).
2, 3, 5
Let g = -181 - -839. List the prime factors of g.
2, 7, 47
Let s = 64 + -45. Suppose -142 = -21*c + s*c. What are the prime factors of c?
71
Let r be 8 + ((-3)/(-1) - 5). Suppose -r - 9 = 3*l. What are the prime factors of 3/(-15) + (-91)/l?
2, 3
Let g(m) = -m**2 - 9*m - 8. Let d be g(-8). Suppose -4*k + 242 = 62. Suppose d = 5*l - 100 - k. List the prime factors of l.
29
Suppose 4*s = -3*a + 13, -3*a = -4*s - 5*a + 10. What are the prime factors of 26 - -3 - (-5 + s)?
3, 11
Let l = 2497 - 1155. List the prime factors of l.
2, 11, 61
Suppose 4*a + 21 + 7 = -2*v, 2*a - 3*v - 2 = 0. Let z = a + 99. List the prime factors of z.
2, 47
Let j = 7752 - 4368. List the prime factors of j.
2, 3, 47
Suppose 0 = 5*u + 21 - 11. List the prime factors of (2/(-4))/(0 + u/612).
3, 17
Suppose 0*n - 3*n + 223 = 5*l, -3*l + 153 = -3*n. Suppose -3*r = 5 - l. List the prime factors of r.
2, 7
Let c(v) = -2*v - 5 - 6*v + 4*v. List the prime factors of c(-4).
11
Suppose 2*u + 3*i - 3476 = 0, 1731 = 4*u - 3*u + 5*i. List the prime factors of u.
1741
Let z(b) = 7*b - 40. Let x be z(6). Suppose 0 = -x*u + 4, 0*h = h + 2*u - 180. What are the prime factors of h?
2, 11
Let w be 1 + 194/(-8) + 4/16. Let h = w + 206. List the prime factors of h.
3, 61
Suppose -3*g - 21 - 27 = 0. Let q = 175 + g. List the prime factors of q.
3, 53
Let j = 2403 + -1141. List the prime factors of j.
2, 631
Let c(w) = 3*w - 3 - 2*w - 1. Let x be c(7). Suppose 0*k + 60 = x*k. What are the prime factors of k?
2, 5
Suppose y = -2*x - 8, 2*x + 24 = 2*y - 2*x. Let n = -3 + y. Let w(p) = -32*p - 1. List the prime factors of w(n).
31
Let l be -2*((-1)/(10/635) + -2). Let s = l + -72. What are the prime factors of s?
59
Let o(s) = -s**3 + 5*s**2 + 7*s + 3. Let f(x) = -x**2 - 1. Let n(y) = -2*f(y) + o(y). List the prime factors of n(7).
2, 3
Let b be -1*(-4)/(-2)*935/10. Let d = 317 + b. List the prime factors of d.
2, 5, 13
What are the prime factors of (-1)/(13/2) + 213024/546?
2, 3, 5, 13
Let u(l) = l**2 - l + 15. Let i be u(-9). Let w = 188 - i. List the prime factors of w.
83
Let j(k) = -4*k**2 - 3*k - 4. Let z(i) = 7*i**2 + 5*i + 9. Let r(f) = 5*j(f) + 3*z(f). Let n = -20 - -20. What are the prime factors of r(n)?
7
Suppose -5*t = -3*j + 1505, 7*t - 2012 = -4*j + 11*t. Let d = j + -187. What are the prime factors of d?
2, 3, 53
Let c = -23 + 25. Let g = 7 - c. Suppose w = g*h - 17, 2*h = -5*w - 0*h + 23. List the prime factors of w.
3
Let d be 0/2 - (0 - 6 - -6). Suppose 46*f - 44*f - 166 = d. List the prime factors of f.
83
Suppose -5*m - 3 = -0*y + y, 3*m - 2*y = 6. Suppose k = 3*k + o - 7, 4*k + 3*o - 15 = m. What are the prime factors of k?
3
Suppose 2*r = 23*z - 22*z - 40, -3*z + 112 = -4*r. Suppose 2*g = 5*g + 6. Let n = g + z. What are the prime factors of n?
2, 3, 5
Suppose 0 = 4*x + 4*x - 12272. List the prime factors of x.
2, 13, 59
Let j(t) = -39*t**3 - 3*t**2 - t + 5. List the prime factors of j(-3).
2, 11, 47
Let x(t) = -36*t + 28. Let k be x(-13). Suppose b - k = -3*b. What are the prime factors of b?
2, 31
What are the prime factors of ((1304/5)/4)/(6/45)?
3, 163
Suppose 0 = 59*f - 60*f + 188. List the prime factors of f.
2, 47
Let c = 106 - 104. Suppose 3*a + 4*s = 3*s + 552, 0 = -c*a + 5*s + 385. What are the prime factors of a?
5, 37
Suppose 18*n - 10780 = 8*n. What are the prime factors of n?
2, 7, 11
List the prime factors of ((-757)/(-4) - -1)/(6/72).
3, 761
Suppose 0 = -t - 1 + 6. Suppose -4*w = 2*k - 306, 0 = t*w - 0*w + 10. List the prime factors of k.
157
Suppose 0 = 4*y + y - 2*b + 213, -2*y - b = 87. Let i = -10 - y. List the prime factors of i.
3, 11
Let f = 37 - 35. Suppose f*p = 4*t + 112, 3*p - 4*t = 230 - 60. What are the prime factors of p?
2, 29
Suppose 2*a = k + 1141, 4*a + 12*k = 13*k + 2277. What are the prime factors of a?
2, 71
Let i = -29 - -29. Let s be 2301/27 + (-2)/9. Suppose 0 = -i*n + 5*n - s. What are the prime factors of n?
17
List the prime factors of 435/(-6)*(-1104)/120.
23, 29
Let o(p) = 120*p - 322. List the prime factors of o(12).
2, 13, 43
Let b = 49 - 41. Suppose 7*q = -b*q + 3345. List the prime factors of q.
223
Suppose -3*c - 2*m + 1506 = 376, 5*c + 5*m - 1890 = 0. Let u(p) = p**3 + p**2 + p + 24. Let h be u(0). List the prime factors of h/84 + c/14.
3
Suppose 5*h = 4*h + 4*c + 2103, c - 4197 = -2*h. List the prime factors of h.
2099
Let c = 5269 - 3546. What are the prime factors of c?
1723
Let m(p) = 23*p - 2. Let v be m(1). Suppose 6 + v = -9*a. List the prime factors of 13*(3 - (-1 - a)).
13
Suppose 12 = 11*x - 8*x. Let m(l) = 2*l**3 - 3*l + 2. List the prime factors of m(x).
2, 59
Suppose 9*a - 7655 = -3092. List the prime factors of a.
3, 13
Let v = -292 - -316. List the prime factors of v.
2, 3
Let y be 33/15 - 3/15. Suppose -2*d + 4*r - 18 = -4*d, -4*d + 2*r + 16 = 0. Suppose -y*l = d*u + l - 129, -5*u - 5*l = -135. What are the prime factors of u?
2, 3
Suppose 9056 - 101638 = -34*q. List the prime factors of q.
7, 389
What are the prime factors of 5 - -128 - -1*(3 - 4)?
2, 3, 11
Suppose 0 = w + 3*v - 11, v - 4*v + 7 = -w. Suppose -2*k = 2*d - 328, w*k - 5*k = -2*d - 477. What are the prime factors of k?
7, 23
Suppose -2*c = 0, -5*o - 2*c = -c - 14515. List the prime factors of o.
2903
Suppose l + 2*q - 18 = -3*l, -5*q + 27 = l. What are the prime factors of l*2/(-8)*(1 + -59)?
29
Let g(r) = 126*r - 312. List the prime factors of g(20).
2, 3, 23
Let k(x) = x**2 + 11*x. Suppose 2*v + 4*z = -0*v, 4*v + 3*z = -25. Let u be k(v). Let b = u - -15. What are the prime factors of b?
5
Let l(s) = s**2 - 11*s + 26. Let u be l(9). Let j(g) = -5*g**2 + 11. Let a(o) = 4*o**2 - o - 10. Let h(x) = 4*a(x) + 3*j(x). List the prime factors of h(u).
5
Let j = -25 + 33. Suppose 5*l - 20 = -0*l. Suppose -j*a = -l*a - 48. List the prime factors of a.
2, 3
Let p(y) = -11*y**2 + 4 + 3 + 0 + 6*y**3 + 1 + 6*y. List the prime factors of p(4).
2, 3, 5
Suppose 4*c = 158 + 166. List the prime factors of c.
3
Let i(u) = 336*u**2 - 18*u + 37. What are the prime factors of i(2)?
5, 269
Let m(v) = -v + 13. Let q be m(10). Suppose -2*o + 45 = 5*d, q*d = -0*o + o - 39. Suppose -j + 42 + o = 2*k, 4*k - 4*j - 156 = 0. List the prime factors of k.
37
Suppose -473 + 171 = -n. What are the prime factors of n?
2, 151
Let z = 1 - -4. Let r(b) = -b**2 + 27*b - 14. Let i be r(13). Suppose 0 = -4*u - 0*f - 2*f + i, -2*u + 100 = z*f. List the prime factors of u.
2, 5
Let q = 130 + -116. Let n = q + 76. What are the prime